200?
21302321
In base 15, what is 4e6 + -a9?
43c
In base 5, what is -14000212 + 12?
-14000200
In base 15, what is -5a1 - -1b8eb?
1b34a
In base 3, what is -110022122201022 - -2?
-110022122201020
In base 6, what is -102531 + -1245452?
-1352423
In base 8, what is 6331572363 - -1?
6331572364
In base 13, what is -1305b - 50?
-130ab
In base 15, what is -34bb1 - -4ce?
-346d2
In base 8, what is -11405121113 + -2?
-11405121115
In base 13, what is 5362 - c3?
526c
In base 12, what is 82932 + 155?
82a87
In base 10, what is -739 + 2237?
1498
In base 9, what is -8 + 2183322?
2183313
In base 15, what is 191 + 21eb?
238c
In base 6, what is 415334200 + -1?
415334155
In base 4, what is 112010220221 + -23?
112010220132
In base 8, what is 122357222 - -1?
122357223
In base 4, what is 30231020 + -11133?
30213221
In base 15, what is -25eb5 - -1d2?
-25cd3
In base 6, what is -5 + 13302011301?
13302011252
In base 3, what is 1222222011102112101 - 11?
1222222011102112020
In base 12, what is a3 + -10b771?
-10b68a
In base 12, what is 101b - 5690?
-4671
In base 13, what is -29807 + 4aa?
-2932a
In base 16, what is -7 + c8ff89?
c8ff82
In base 6, what is -25 + 100304111?
100304042
In base 15, what is b - -26a2e?
26a3a
In base 10, what is -9343 - -174?
-9169
In base 2, what is -1 - 10000111110110101100000011011?
-10000111110110101100000011100
In base 7, what is -346624250 + -15?
-346624265
In base 13, what is 1b2083 + -5a?
1b2026
In base 8, what is -7 + 7020473?
7020464
In base 14, what is -3b6 + -8754?
-8b2a
In base 11, what is 93a + a8875?
a9704
In base 11, what is -203 - 7a6571?
-7a6774
In base 5, what is 111021411302 + 3?
111021411310
In base 4, what is -31 + -20103000303?
-20103001000
In base 6, what is 22 + -4312021110?
-4312021044
In base 4, what is -2101 + 2003123032?
2003120331
In base 13, what is -585789b + -22?
-58578c0
In base 13, what is 2921a + -60?
2918a
In base 14, what is -4aa6c45 + -2?
-4aa6c47
In base 10, what is -1187366 + -6?
-1187372
In base 11, what is -5711119 - -8?
-5711111
In base 3, what is -2 - 222010220022102001?
-222010220022102010
In base 4, what is -3011 + -121101023133?
-121101032210
In base 13, what is 18c37 + 437?
19371
In base 7, what is -531521 + 125?
-531363
In base 8, what is -25372 - -1653?
-23517
In base 11, what is -87327 - a5?
-87421
In base 7, what is 34054 - -4265?
41352
In base 5, what is 2301431 + -312?
2301114
In base 16, what is -2 + 42716?
42714
In base 4, what is -121012102 - -11201?
-121000301
In base 4, what is -3212310130 + 1202?
-3212302322
In base 9, what is 4 + 606052555?
606052560
In base 11, what is -2438777 + 2?
-2438775
In base 15, what is 9b37 + -3ae?
9778
In base 4, what is 3023233302 - 23?
3023233213
In base 6, what is 1 - 201413211?
-201413210
In base 5, what is -413004231241 - 2?
-413004231243
In base 14, what is -18ba5 - 56?
-18c1b
In base 4, what is 3 - 132123332231?
-132123332222
In base 5, what is -304224 + 11020342?
10211113
In base 5, what is -2 + 1312344130?
1312344123
In base 2, what is -1000100010101100 - 11111110110011?
-1100100001011111
In base 10, what is 22989779 - 3?
22989776
In base 14, what is -1 + 127cd312?
127cd311
In base 3, what is -20121001121 - 2211?
-20121011102
In base 12, what is -34 + 55a6816?
55a67a2
In base 16, what is -7c219 - 138?
-7c351
In base 16, what is -165dc6d - -2?
-165dc6b
In base 14, what is -304 - -383c2?
380bc
In base 4, what is 3032331 - -123100211?
132133202
In base 5, what is 0 + -4002123020?
-4002123020
In base 16, what is 4 - -67b2d7?
67b2db
In base 5, what is -3343 + -43134231?
-43143124
In base 6, what is -31352542 + 43?
-31352455
In base 2, what is -1001 - 1001110110100001100011101000?
-1001110110100001100011110001
In base 2, what is -1010111001100 - -11100000100001?
10001001010101
In base 4, what is 0 + 100200202030?
100200202030
In base 6, what is 2 + 50210132?
50210134
In base 15, what is 7100 + -257?
6d98
In base 10, what is -29 + -173931?
-173960
In base 14, what is -1d29d162 - 4?
-1d29d166
In base 3, what is -1 + -1000101012122210?
-1000101012122211
In base 14, what is 32 + -4741?
-470d
In base 7, what is 2 + 46144023?
46144025
In base 15, what is -6d7 + -1d86?
-256d
In base 9, what is 851012147 - 3?
851012144
In base 11, what is -12316a + 522?
-122748
In base 15, what is 3cc78b4 - 1?
3cc78b3
In base 9, what is -58310351 + 3?
-58310347
In base 10, what is 230182 - 78?
230104
In base 8, what is 504207433 + -3?
504207430
In base 10, what is -48787 - 17927?
-66714
In base 5, what is 24 - -141402330?
141402404
In base 12, what is 2 - -23376?
23378
In base 10, what is -409934 - 264?
-410198
In base 3, what is -121001220220 - 111?
-121001221101
In base 16, what is -7b - 1e70c2?
-1e713d
In base 8, what is 317 - 33440?
-33121
In base 12, what is 362481 + 16?
362497
In base 9, what is 554 - -5624?
6278
In base 7, what is -13520656 + 14?
-13520642
In base 16, what is 88952 - -5?
88957
In base 6, what is 12034301 + -25?
12034232
In base 9, what is 5 + 1660308?
1660314
In base 11, what is 10a72317 + 2?
10a72319
In base 13, what is 6169 + -6?
6163
In base 6, what is -1222533354 - 15?
-1222533413
In base 10, what is -99 - -5461089?
5460990
In base 6, what is 4331 + -1121231?
-1112500
In base 8, what is 6324625 - 4?
6324621
In base 8, what is -2320401 - 22?
-2320423
In base 14, what is a8436 + 1?
a8437
In base 4, what is 102202230212 + 221?
102202231033
In base 10, what is -699 - -39288?
38589
In base 15, what is 3073bd - -5?
3073c3
In base 10, what is -5137620 + 32?
-5137588
In base 2, what is 11 - 10100101101101010010101?
-10100101101101010010010
In base 12, what is 60348a7 + -3?
60348a4
In base 5, what is 3102322 - -403?
3103230
In base 13, what is 23a8 + 326b?
5646
In base 7, what is -120340 + 36664?
-50343
In base 15, what is -200 - -ccb?
acb
In base 5, what is -14414441 - 14403?
-14434344
In base 3, what is -111112 + -120212112202?
-120220001021
In base 10, what is 2719841 + -198?
2719643
In base 10, what is 3 - 19788095?
-19788092
In base 16, what is -6d4 + 8e3?
20f
In base 7, what is 644635 + 1105?
646043
In base 2, what is -1001111110111000001110 + -100011111?
-1001111110111100101101
In base 12, what is -a3a6599 + 0?
-a3a6599
In base 6, what is -34 - -43243115?
43243041
In base 9, what is -8121 + 32317?
23186
In base 16, what is -1 + 4415b3?
4415b2
In base 8, what is 74150051 + 5?
74150056
In base 16, what is 24 + 3512c?
35150
In base 13, what is -9 - 3267c?
-32688
In base 7, what is -4 - -1224354?
1224350
In base 15, what is -c3 - 7d31?
-7e04
In base 2, what is -11011 - -10101100100101111?
10101100100010100
In base 3, what is 1201120212112221 + 12?
1201120212120010
In base 6, what is 11 + -15433420?
-15433405
In base 2, what is 110 + 10111101001111110000101?
10111101001111110001011
In base 16, what is 1217 + -1732?
-51b
In base 6, what is -252 - -1445455?
1445203
In base 15, what is -1c - 3d6527?
-3d6544
In base 5, what is 0 + 1241110243?
1241110243
In base 4, what is 2000 - 13300020?
-13232020
In base 14, what is 185 - 5d89?
-5c04
In base 12, what is 131a9280 + -2?
131a927a
In base 7, what is 42352 + -16566?
22453
In base 11, what is 1274a5 + 2777?
12a171
In base 16, what is -13022ee6 - -2?
-13022ee4
In base 3, what is 20112211 + 11211201002?
12002020220
In base 4, what is -3001 + 1333021123?
1333012122
In base 6, what is 404404232 + -200?
404404032
In base 12, what is b4a6 + 1328?
10812
In base 10, what is 12533624 + 36?
12533660
In base 7, what is 1165 - -4035233?
4036431
In base 6, what is 1223 - -32422344?
32424011
In base 2, what is -1111011110 - -110011110000001?
110001110100011
In base 9, what is -136746 + -50?
-136806
In base 6, what is 5 - -231314230?
231314235
In base 5, what is -12433442 + 301?
-12433141
In base 3, what is 21120 + 100100012011100?
100100012102220
In base 2, what is 100000010000111100011001 - 101?
100000010000111100010100
In base 15, what is -2c7c77 - 12?
-2c7c89
In base 8, what is 7 + -20446716?
-20446707
In base 13, what is -139a + 1128a6?
111509
In base 14, what is 2238 + -8364?
-612a
In base 2, what is 1010101111110111 - -101000010?
1010110100111001
In base 16, what is 0 + 66d5c54?
66d5c54
In base 13, what is -10bb708 + 5?
-10bb703
In base 16, what is -20f83f - -2d?
-20f812
In base 16, what is -e - e50925?
-e50933
In base 2, wh